actor of 34430 and 3369445.
1565
Calculate the greatest common divisor of 93 and 90145613.
31
Calculate the greatest common factor of 3869 and 1760249.
73
What is the greatest common factor of 129534 and 9?
3
What is the greatest common factor of 231 and 2774849?
77
Calculate the highest common factor of 936 and 1786941.
117
What is the greatest common divisor of 2083940 and 50?
10
Calculate the highest common divisor of 22 and 47759734.
22
Calculate the greatest common divisor of 150003376 and 1088.
272
Calculate the greatest common divisor of 9007912 and 15336.
568
Calculate the highest common factor of 16148085 and 2510.
1255
Calculate the greatest common divisor of 160789496 and 224.
56
Calculate the highest common factor of 4877 and 999780123.
4877
What is the highest common divisor of 131723522 and 854?
854
What is the highest common factor of 14436549 and 26973?
2997
Calculate the highest common divisor of 2968529 and 4805.
961
What is the greatest common factor of 88292 and 2704?
4
What is the highest common divisor of 6736930 and 1098710?
3910
What is the greatest common factor of 173366 and 10540?
34
Calculate the greatest common divisor of 1115 and 30260.
5
Calculate the greatest common divisor of 24990902 and 1466.
1466
What is the greatest common factor of 78246 and 4397301?
621
What is the greatest common factor of 827493 and 62115?
303
What is the highest common divisor of 1070 and 11780486?
214
What is the highest common divisor of 14268834 and 54?
18
Calculate the highest common factor of 649415 and 617279.
1339
What is the highest common divisor of 506646351 and 117?
9
What is the highest common factor of 36168 and 5137?
11
Calculate the greatest common divisor of 886824 and 42036.
1356
Calculate the greatest common divisor of 148262 and 2218.
2
Calculate the greatest common factor of 30 and 487808040.
30
Calculate the highest common factor of 39866380 and 20.
20
What is the highest common divisor of 810 and 11435013?
81
Calculate the greatest common divisor of 242 and 4118690.
2
Calculate the highest common factor of 20006253 and 186.
93
What is the highest common divisor of 1308443 and 1809?
67
What is the greatest common divisor of 1818735 and 19323?
339
What is the highest common factor of 3395 and 238105?
35
What is the greatest common factor of 112669 and 5872?
367
Calculate the highest common factor of 1865342694 and 11933.
11933
Calculate the highest common divisor of 1670168458 and 14.
14
What is the highest common divisor of 707 and 624197?
7
Calculate the highest common factor of 31667955 and 6195.
885
What is the highest common divisor of 30170 and 144340?
70
Calculate the greatest common divisor of 509448 and 6168.
24
What is the highest common divisor of 59282574 and 13?
13
Calculate the highest common divisor of 4 and 89416712.
4
Calculate the highest common divisor of 5002 and 4352594.
122
What is the greatest common factor of 1084 and 459026846?
542
Calculate the highest common factor of 3080 and 3499328.
56
What is the highest common divisor of 668878 and 224?
14
What is the greatest common divisor of 56 and 207641?
7
Calculate the highest common divisor of 15343 and 2963031.
229
Calculate the highest common factor of 34833256 and 2168.
2168
Calculate the highest common divisor of 191574 and 16762.
58
What is the greatest common factor of 2515 and 78080?
5
Calculate the greatest common divisor of 241346 and 12208.
14
Calculate the greatest common divisor of 338784398 and 51.
17
Calculate the highest common divisor of 82758 and 21866.
26
Calculate the greatest common factor of 7686 and 21240.
18
What is the highest common divisor of 8856 and 107912?
328
Calculate the highest common factor of 14332092 and 588.
12
What is the highest common divisor of 16962870 and 270?
30
What is the highest common factor of 368 and 2263913?
23
Calculate the greatest common factor of 12537 and 1221701397.
4179
What is the greatest common factor of 3612 and 18424554?
258
Calculate the highest common factor of 15 and 2791396755.
15
Calculate the greatest common factor of 15512341 and 985777.
3211
Calculate the highest common divisor of 52100 and 109850.
50
What is the greatest common divisor of 578116 and 47014?
22
Calculate the greatest common factor of 30589 and 1167959.
169
What is the greatest common divisor of 21718472 and 1668?
556
What is the greatest common factor of 60545308 and 1284?
428
Calculate the greatest common factor of 572142275 and 2525.
2525
Calculate the greatest common factor of 6023564 and 15316.
2188
What is the greatest common factor of 73156332 and 10995?
2199
What is the highest common factor of 198723 and 924?
21
Calculate the highest common divisor of 656310 and 6270315.
1965
Calculate the highest common factor of 5471 and 3118606775.
5471
Calculate the highest common factor of 125779555 and 30690.
1705
What is the highest common factor of 40020 and 19821906?
4002
Calculate the greatest common factor of 207 and 175115583.
207
Calculate the highest common factor of 2913 and 57289.
971
What is the highest common factor of 6068 and 814468198?
3034
Calculate the highest common divisor of 18011 and 13528004.
581
Calculate the greatest common divisor of 21080 and 180748760.
680
What is the highest common divisor of 76 and 417420196?
76
Calculate the greatest common divisor of 3581230 and 135790.
370
Calculate the greatest common factor of 11444735 and 5.
5
What is the greatest common divisor of 277868870 and 260?
10
Calculate the highest common factor of 1485430 and 1066.
82
What is the greatest common divisor of 5217 and 13911741?
111
What is the highest common factor of 44313694 and 183?
61
What is the greatest common factor of 120710575 and 39340?
1405
Calculate the greatest common divisor of 6 and 19319334.
6
Calculate the highest common factor of 1823420 and 4185.
155
What is the greatest common factor of 128786 and 2058?
14
Calculate the highest common divisor of 20559 and 11659.
89
Calculate the highest common factor of 24867480 and 1980.
660
Calculate the greatest common factor of 28590 and 62823666.
5718
Calculate the greatest common divisor of 5570 and 383121310.
5570
Calculate the highest common factor of 5187188 and 72.
4
Calculate the highest common factor of 840 and 9767280.
120
What is the greatest common divisor of 4653 and 2588102?
517
Calculate the greatest common factor of 5881725 and 375.
75
What is the greatest common factor of 2729568 and 4512?
96
What is the greatest common divisor of 232538905 and 127?
127
Calculate the highest common factor of 116808135 and 67.
67
Calculate the greatest common factor of 11787410 and 20.
10
Calculate the highest common divisor of 3870 and 201033600.
1290
What is the highest common divisor of 481397 and 763?
7
What is the greatest common divisor of 1098825 and 2318043?
1911
Calculate the greatest common factor of 62037 and 5653503.
1017
What is the greatest common factor of 4466336 and 616?
56
Calculate the greatest common divisor of 6996220 and 12740.
980
Calculate the greatest common divisor of 59093936 and 4092.
1364
What is the highest common factor of 300 and 1206650?
50
What is the highest common divisor of 808449 and 8928?
93
Calculate the greatest common factor of 14 and 5799358.
2
What is the greatest common factor of 297667054 and 7586?
7586
Calculate the greatest common factor of 150625 and 33225.
25
What is the greatest common divisor of 1463488 and 14040?
104
Calculate the greatest common divisor of 21562282 and 28632.
2386
What is the highest common factor of 606 and 134637141?
303
What is the highest common factor of 1360 and 1139510?
170
Calculate the highest common divisor of 8159940 and 4964.
292
Calculate the greatest common divisor of 295918 and 70.
14
Calculate the greatest common factor of 93 and 25934879.
31
Calculate the highest common factor of 2445768 and 2106.
702
Calculate the greatest common divisor of 24145389 and 153.
153
Calculate the highest common factor of 77 and 383437428.
11
What is the greatest common factor of 4264065 and 6435?
585
Calculate the greatest common factor of 204 and 61764468.
204
What is the greatest common factor of 85445607 and 801?
267
Calculate the highest common divisor of 1677458 and 39757